culate the remainder when 3210 is divided by 21.
18
Calculate the remainder when 369 is divided by 126.
117
What is the remainder when 223 is divided by 23?
16
Calculate the remainder when 160 is divided by 41.
37
Calculate the remainder when 147 is divided by 25.
22
What is the remainder when 8407 is divided by 145?
142
Calculate the remainder when 241 is divided by 41.
36
What is the remainder when 135 is divided by 24?
15
What is the remainder when 394 is divided by 40?
34
What is the remainder when 354 is divided by 21?
18
What is the remainder when 4194 is divided by 30?
24
What is the remainder when 22699 is divided by 264?
259
Calculate the remainder when 393 is divided by 41.
24
Calculate the remainder when 260 is divided by 38.
32
Calculate the remainder when 29 is divided by 22.
7
What is the remainder when 555 is divided by 43?
39
Calculate the remainder when 241 is divided by 112.
17
What is the remainder when 1176 is divided by 70?
56
Calculate the remainder when 1335 is divided by 131.
25
Calculate the remainder when 2864 is divided by 3.
2
What is the remainder when 131 is divided by 59?
13
Calculate the remainder when 109 is divided by 44.
21
Calculate the remainder when 198 is divided by 46.
14
Calculate the remainder when 6676 is divided by 9.
7
What is the remainder when 101 is divided by 16?
5
Calculate the remainder when 849 is divided by 219.
192
Calculate the remainder when 31613 is divided by 22.
21
Calculate the remainder when 11 is divided by 5.
1
Calculate the remainder when 2805 is divided by 13.
10
Calculate the remainder when 1275 is divided by 619.
37
Calculate the remainder when 5128 is divided by 79.
72
Calculate the remainder when 218 is divided by 56.
50
What is the remainder when 1412 is divided by 101?
99
What is the remainder when 1136 is divided by 19?
15
Calculate the remainder when 1290 is divided by 160.
10
Calculate the remainder when 19630 is divided by 24.
22
Calculate the remainder when 360 is divided by 46.
38
Calculate the remainder when 880 is divided by 111.
103
What is the remainder when 672 is divided by 85?
77
What is the remainder when 4429 is divided by 13?
9
Calculate the remainder when 244 is divided by 66.
46
What is the remainder when 2451 is divided by 16?
3
Calculate the remainder when 2477 is divided by 247.
7
What is the remainder when 2312 is divided by 29?
21
What is the remainder when 1971 is divided by 97?
31
What is the remainder when 431 is divided by 85?
6
What is the remainder when 146 is divided by 13?
3
What is the remainder when 102 is divided by 60?
42
What is the remainder when 1051 is divided by 30?
1
What is the remainder when 871 is divided by 290?
1
What is the remainder when 922 is divided by 7?
5
What is the remainder when 789 is divided by 113?
111
Calculate the remainder when 21095 is divided by 73.
71
What is the remainder when 1716 is divided by 193?
172
Calculate the remainder when 1582 is divided by 72.
70
What is the remainder when 2078 is divided by 232?
222
What is the remainder when 361 is divided by 52?
49
Calculate the remainder when 815 is divided by 68.
67
Calculate the remainder when 248 is divided by 11.
6
What is the remainder when 777 is divided by 39?
36
Calculate the remainder when 1043 is divided by 259.
7
Calculate the remainder when 232 is divided by 51.
28
Calculate the remainder when 477 is divided by 99.
81
Calculate the remainder when 591 is divided by 83.
10
What is the remainder when 961 is divided by 313?
22
What is the remainder when 181 is divided by 7?
6
What is the remainder when 70 is divided by 29?
12
Calculate the remainder when 68 is divided by 64.
4
What is the remainder when 1130 is divided by 562?
6
Calculate the remainder when 536 is divided by 27.
23
What is the remainder when 79 is divided by 40?
39
Calculate the remainder when 117 is divided by 27.
9
What is the remainder when 155 is divided by 32?
27
What is the remainder when 53 is divided by 7?
4
Calculate the remainder when 8 is divided by 6.
2
What is the remainder when 315 is divided by 65?
55
What is the remainder when 153 is divided by 77?
76
Calculate the remainder when 1585 is divided by 4.
1
What is the remainder when 304 is divided by 51?
49
Calculate the remainder when 981 is divided by 102.
63
Calculate the remainder when 42 is divided by 12.
6
What is the remainder when 55 is divided by 14?
13
What is the remainder when 947 is divided by 45?
2
Calculate the remainder when 166 is divided by 152.
14
Calculate the remainder when 153 is divided by 45.
18
What is the remainder when 7581 is divided by 138?
129
Calculate the remainder when 164 is divided by 10.
4
What is the remainder when 273 is divided by 86?
15
What is the remainder when 3450 is divided by 11?
7
Calculate the remainder when 208 is divided by 61.
25
What is the remainder when 209 is divided by 13?
1
Calculate the remainder when 34 is divided by 9.
7
Calculate the remainder when 7048 is divided by 133.
132
What is the remainder when 97 is divided by 28?
13
What is the remainder when 642 is divided by 129?
126
Calculate the remainder when 1289 is divided by 643.
3
What is the remainder when 1221 is divided by 102?
99
Calculate the remainder when 657 is divided by 47.
46
Calculate the remainder when 21 is divided by 16.
5
Calculate the remainder when 556 is divided by 18.
16
Calculate the remainder when 14 is divided by 13.
1
Calculate the remainder when 466 is divided by 127.
85
Calculate the remainder when 40 is divided by 2.
0
What is the remainder when 152 is divided by 17?
16
Calculate the remainder when 185 is divided by 10.
5
What is the remainder when 405 is divided by 82?
77
Calculate the remainder when 770 is divided by 18.
14
What is the remainder when 149 is divided by 75?
74
What is the remainder when 18719 is divided by 22?
19
Calculate the remainder when 24 is divided by 17.
7
Calculate the remainder when 251 is divided by 18.
17
Calculate the remainder when 13948 is divided by 30.
28
What is the remainder when 1495 is divided by 8?
7
What is the remainder when 1958 is divided by 35?
33
What is the remainder when 546 is divided by 213?
120
Calculate the remainder when 7 is divided by 2.
1
What is the remainder when 635 is divided by 71?
67
What is the remainder when 1711 is divided by 170?
11
Calculate the remainder when 2194 is divided by 50.
44
What is the remainder when 2672 is divided by 774?
350
What is the remainder when 53 is divided by 31?
22
Calculate the remainder when 103 is divided by 38.
27
Calculate the remainder when 63 is divided by 55.
8
What is the remainder when 516 is divided by 87?
81
What is the remainder when 52199 is divided by 58?
57
Calculate the remainder when 16090 is divided by 7.
4
What is the remainder when 3260 is divided by 362?
2
What is the remainder when 26 is divided by 19?
7
Calculate the remainder when 4751 is divided by 49.
47
What is the remainder when 760 is divided by 17?
12
What is the remainder when 6968 is divided by 367?
362
What is the remainder when 41 is divided by 9?
5
Calculate the remainder when 117 is divided by 15.
12
Calculate the remainder when 7379 is divided by 388.
7
Calculate the remainder when 384 is divided by 97.
93
Calculate the remainder when 335 is divided by 40.
15
What is the remainder when 66 is divided by 10?
6
What is the remainder when 156 is divided by 10?
6
Calculate the remainder when 737 is divided by 82.
81
Calculate the remainder when 64 is divided by 2.
0
What is the remainder when 1175 is divided by 24?
23
Calculate the remainder when 65 is divided by 20.
5
Calculate the remainder when 2844 is divided by 92.
84
Calculate the remainder when 896 is divided by 218.
24
Calculate the remainder when 178 is divided by 47.
37
Calculate the remainder when 181 is divided by 25.
6
What is the remainder when 91 is divided by 33?
25
Calculate the remainder when 6790 is divided by 5.
0
What is the remainder when 2376 is divided by 60?
36
Calculate the remainder when 71 is divided by 30.
11
What is the remainder when 5129 is divided by 17?
12
Calculate the remainder when 352 is divided by 60.
52
Calculate the remainder when 206 is divided by 42.
38
What is the remainder when 87 is divided by 31?
25
Calculate th